- y. What are the prime factors of g?
3
Let v = -90 - -64. Let j = 11 - v. What are the prime factors of j?
37
Let k be 1/2*5*-2. Let n be (k - -7)/((-1)/(-8)). Suppose -2*f - 2*h = -16, 2*f = -0*f - 3*h + n. What are the prime factors of f?
2
Let q = 48 - 22. List the prime factors of q.
2, 13
Let u = -104 + 149. List the prime factors of (18/5)/(18/u).
3
Let w(h) = 4*h**2 + 2*h - 11. List the prime factors of w(-5).
79
Suppose -2*l - 6 = -i, 0 = -3*i + 5*l + 16 - 1. Suppose 0 = -2*s + 2*x + 14, -5*s - 3*x - 2*x + 75 = i. What are the prime factors of s?
11
Let r(x) = x**3 + 10*x**2 - 4*x + 21. List the prime factors of r(-7).
2, 7
Let a(i) = -i**2 + i. Let q be a(2). Let c(w) = 9*w**2 + 5*w + 2. List the prime factors of c(q).
2, 7
Let i = 2 - -1. Suppose -3*a + i = -3*l, -1 = -4*a - l + 18. Suppose a*t - 8*t + 64 = 0. List the prime factors of t.
2
Let v(z) = -3 + 11 + 2 + z. Let r be v(-7). Let s(y) = 2*y**2 - 4*y + 4. List the prime factors of s(r).
2, 5
Suppose 0*u = u. Let m be (-1 + (-9)/(-6))*12. Suppose m = o + n, u = o + 2*n - 4*n. List the prime factors of o.
2
Let y(v) = -2*v**2 + 3*v - 3. Let j = -3 - -5. Let w be y(j). Let b = 0 - w. List the prime factors of b.
5
Let b = -74 + 396. What are the prime factors of b?
2, 7, 23
Let y(d) = -d**2 + 8*d - 2. Let x be y(7). Suppose 112 = 4*b - p + 10, -x*b + 4*p = -133. What are the prime factors of b?
5
Let v = 18 - 95. What are the prime factors of v/7*(0 + -2)?
2, 11
Let i = -2 + 4. Let o = 5 - i. List the prime factors of o.
3
Suppose 4 = -k + 4*k - l, 0 = 5*k - 4*l + 5. Suppose -k*b = -5*g - 35, 2*b = 3*b + 5*g + 15. List the prime factors of (-1 - -7) + (-10)/b.
2
Let o = 46 + 46. Suppose -c + 20 = 2*b, -24 + o = 3*c + 2*b. Suppose c = 4*q - 3*k, q - k - 5 = -0*k. List the prime factors of q.
3
Suppose -59 = -f - 0*f. What are the prime factors of f?
59
Let s be 3/(-2)*(-132)/9. Let d be 10*(2 + (-6)/4). Suppose -j = -6 + 4, -d*i + s = -4*j. What are the prime factors of i?
2, 3
Let y be 214/8 + (-2)/(-8). List the prime factors of 10*(-3 + y/5).
2, 3
Suppose 8 = -n + 3*n. Suppose g - 4 = -4*j - 1, 12 = 4*g - n*j. List the prime factors of g.
3
Let n(k) = k**3 + 5*k**2 - 3*k + 7. Suppose 0*u - 5 = u. List the prime factors of n(u).
2, 11
Let r(z) = -2*z + 10. Let b be r(8). List the prime factors of (84/9)/(b/(-9)).
2, 7
Let k(m) = m - 1. Let w be k(2). Let d(i) be the third derivative of i**5/15 - i**4/12 + i**3/6 + 2*i**2. List the prime factors of d(w).
3
Suppose 5*r - 5 = -0. Let f = r + 13. What are the prime factors of f?
2, 7
Let t(z) = z**2 - 2*z + 5. Let c be t(-5). Suppose d + 4*d = -2*f + 4, 4*d = 2*f - c. List the prime factors of f.
2, 3
Let z(m) = -43*m - 19. List the prime factors of z(-2).
67
Suppose -i = i - 18. Suppose 0 = 2*u - 1 - i. Suppose d = -z + u, -4*z + 21 = -3*d + 6*d. List the prime factors of z.
2, 3
Let t(m) = -3*m - 6. Let a be t(9). Let v = -17 - a. List the prime factors of v.
2
Suppose -5*d + 39 = t, 2*t + d - 52 = -19. List the prime factors of t.
2, 7
Suppose -3*p + 3 + 6 = 0. What are the prime factors of -2 + p - -7 - 0?
2
Let h be 3 + -2 + 3/1. Let t = h - 1. Let g = t - -9. What are the prime factors of g?
2, 3
Suppose 3 - 7 = -b. Suppose b*x = 15 + 57. What are the prime factors of x?
2, 3
Let i(o) = -o**3 - 9*o**2 + 10*o + 15. Let r be i(-10). Let z = 2 + 0. What are the prime factors of r - z/(1 + 1)?
2, 7
Suppose -6*h + h = 0. Let j be 10/(-2 + 3 + h). Let z = j + -8. What are the prime factors of z?
2
Let l = 153 + -17. What are the prime factors of l?
2, 17
Let r(z) = -2*z + 1. Let n = 5 + -6. Let f be r(n). Suppose f*j - 3 = 2*t + 10, 0 = -2*t - 4. List the prime factors of j.
3
Let r(g) = -3*g**3 - 4*g**2 - 2*g + 2. Let w = 1 - 3. List the prime factors of r(w).
2, 7
Let k be (2 + 0)/((-1)/(-2)). Let n be ((-6)/k)/(9/(-12)). Suppose d + 3*s - 13 = n*s, 2*d + s = 22. What are the prime factors of d?
3
Let a be (-1)/2 - 3885/(-30). Suppose -r - x + 26 = 1, -4*x = 5*r - a. List the prime factors of r.
29
Let g be 10/(-15) - 53/(-3). Suppose -2*u - 5*m + g = -16, -m + 71 = 5*u. List the prime factors of u.
2, 7
Let s(d) = -d**2 - 22*d + 38. What are the prime factors of s(-19)?
5, 19
Suppose 0 = w + 2*w + 36. Let m = -10 + 34. Let k = w + m. What are the prime factors of k?
2, 3
Suppose 3*a + 44 = 5*c, 4*a - 5 = 3. Let w(v) = v**3 - 9*v**2 - 6*v - 11. What are the prime factors of w(c)?
29
Let r(s) be the first derivative of s**4/4 - s**3 + 2*s**2 - 1. Suppose -2*w - 2*w = -12. List the prime factors of r(w).
2, 3
Let j(o) be the first derivative of o**4/4 + 2*o**3 + o**2 + o + 3. Let d be j(-5). Suppose 20 + d = 4*c. What are the prime factors of c?
3
Let t be 5/20 - (-15)/4. Suppose -w + m = t*m + 6, -4*w = m - 20. List the prime factors of w.
2, 3
Let m(t) = -6*t - 1. Let d be m(-1). Suppose 0 = -d*l - w + 92 - 28, 5*l - w - 56 = 0. What are the prime factors of l?
2, 3
Let f = 25 + 12. Let p = -7 - 3. List the prime factors of 4/p + f/5.
7
Let z(v) = v + 8. Let u(d) = d + d - 2*d - 6 - d. Let w be u(0). List the prime factors of z(w).
2
Let y = 117 - 72. What are the prime factors of y?
3, 5
Let n(f) = 23*f. Let i be n(-1). Let k = i - -40. List the prime factors of k.
17
Let j be (8/5)/(4/30). Suppose r - j = -r. List the prime factors of r.
2, 3
Let k be 12/(-10)*(-100)/(-3). Let t = -23 - k. Suppose -2*s = 4*g - t - 15, 3*s - 6 = 0. What are the prime factors of g?
7
Let s be 1/4 - 14/(-8). Suppose -x + 5*a - 101 = -5*x, 5*x + s*a - 122 = 0. What are the prime factors of x?
2, 3
List the prime factors of 2 - (-28)/((-6)/(-3)).
2
Let u(c) = -3*c + 1. Let r(i) = -i**2 + 2*i. Let t be r(3). List the prime factors of u(t).
2, 5
Let s(v) = -3*v**3 + 7*v**2 + 14*v - 2. Let c(d) = 13*d**3 - 28*d**2 - 56*d + 9. Let h(o) = -2*c(o) - 9*s(o). List the prime factors of h(9).
2, 3
Suppose -4*s = w, w + 5*s = -0*w - 2. Let k(n) = 3*n + n**2 + 3*n - n - w. List the prime factors of k(-7).
2, 3
Let w(o) = o - 1. Let p(u) = -u + 11. Let q be p(6). Suppose 0 = -q*h + 2*i + 24, -i - i = 4*h - 12. What are the prime factors of w(h)?
3
Let v(l) = 182*l**3 + l**2 + 4*l - 5. List the prime factors of v(1).
2, 7, 13
Let x = -10 + 24. Let y = 46 - x. List the prime factors of y.
2
Let g(c) = 2*c**2 + c - 2. Let l be g(-2). Let h = 3 - 0. Suppose -h*q - q - 4*d = -72, -l*d = -4*q + 48. What are the prime factors of q?
3, 5
Suppose 0 = -0*c + 5*c + 170. Let d = 62 + c. List the prime factors of d.
2, 7
Let g(k) = -5*k**2 - 2*k + 1. Let b be g(1). List the prime factors of (-1)/(-1 - b/7).
7
What are the prime factors of ((-2625)/(-10))/(-7)*-2?
3, 5
Suppose 71 = 3*d + 20. Let y = -5 + d. List the prime factors of y.
2, 3
Suppose 3*f - 5*z + 113 = 631, -3*z - 522 = -3*f. List the prime factors of f.
2, 11
Let y be 3 - 5 - 3*4. Let x = -8 - y. Let d = 3 + x. What are the prime factors of d?
3
Let v = -11 - 11. List the prime factors of (-6)/33 - 136/v.
2, 3
Suppose 0 = -5*u - 9*c + 4*c + 735, -u - 5*c = -135. List the prime factors of u.
2, 3, 5
Let i be 18/(-12)*8/(-6). Suppose i*h - h = 19. What are the prime factors of h?
19
Suppose -8 = -l - l. Suppose 0*r - l = -r. Let z(n) = -n**2 + 4*n + 4. What are the prime factors of z(r)?
2
Let v = -16 - -42. What are the prime factors of v?
2, 13
List the prime factors of (24/(-8))/(1/(-21)).
3, 7
Suppose z - 5*z + 296 = -4*r, 0 = 3*r + z + 202. Let k = r + 103. List the prime factors of k.
2, 17
Suppose 3*k + 2*x = 8*k - 27, x - 11 = -k. List the prime factors of k.
7
Let a(k) = 2*k**2 - k. Suppose -2*f = 2*f + 8. List the prime factors of a(f).
2, 5
Let t = -1 + 4. Suppose -3*x = t*q - 18, q + 14 = 2*x + 2*x. Suppose 5*c - 65 = x*u + 16, -4 = u. What are the prime factors of c?
13
Let j be 6 + -2*(-3 + 2). Suppose -2*r = 2*r - j. Suppose 0 = -v - r + 12. List the prime factors of v.
2, 5
Suppose 3*i + 0*i - 36 = 0. Suppose -5*l + 87 = i. What are the prime factors of l?
3, 5
Let p(q) = -q**3 - 8*q**2 - 8*q - 4. List the prime factors of p(-7).
3
Suppose 0 = -i - 5*h + 29, 3*i - 117 = -2*i + 3*h. Suppose -j = j - i. List the prime factors of j.
2, 3
Let o = -13 - -21. What are the prime factors of o?
2
Suppose 2*m + 5*p = -48, 4*m + 5*p = 3*m - 34. Let t = m + 36. What are the prime factors of t?
2, 11
Supp